 composite?
True
Is 6586453217 prime?
True
Is 3161069143 a prime number?
True
Is 19575596647 composite?
True
Is 1207140761 prime?
False
Is 2061335587 composite?
False
Is 11202901751 a composite number?
True
Is 28765929667 composite?
False
Is 1189971179 a prime number?
True
Is 905801777 a prime number?
True
Is 364714579 prime?
True
Is 463540871 a prime number?
False
Is 84248279281 prime?
True
Is 527156491 composite?
True
Is 1333842869 prime?
True
Is 306308097926 a prime number?
False
Is 8919151786 composite?
True
Is 2092689439 composite?
False
Is 1669998817 composite?
False
Is 1711552187 a prime number?
True
Is 115853224007 prime?
False
Is 10568602871 a composite number?
False
Is 160669763 a prime number?
False
Is 78361049513 a composite number?
True
Is 25074415945 a composite number?
True
Is 415121383 a prime number?
False
Is 21525217429 composite?
False
Is 455369737 a prime number?
True
Is 704748137 a prime number?
True
Is 689821661 prime?
False
Is 7742622059 a composite number?
False
Is 407806601 a prime number?
True
Is 60042866581 prime?
True
Is 46838088533 prime?
True
Is 8486805653 prime?
True
Is 139162421 composite?
False
Is 1443073339 composite?
True
Is 63896138873 a prime number?
False
Is 320007959 a prime number?
True
Is 1446213997 prime?
False
Is 2133278557 a composite number?
True
Is 22279502369 composite?
False
Is 55615347881 prime?
False
Is 28240732697 a composite number?
False
Is 1071665047 composite?
True
Is 1317086453 prime?
True
Is 5740283551 a composite number?
False
Is 7254825211 composite?
False
Is 1426999789 prime?
True
Is 106290139 composite?
False
Is 20182979023 a composite number?
False
Is 3416018173 a composite number?
False
Is 30816388285 prime?
False
Is 371542601 a prime number?
True
Is 89491973 a composite number?
True
Is 674902763 composite?
True
Is 855765721 prime?
True
Is 90143129 a prime number?
False
Is 630161891 prime?
False
Is 401668073 a prime number?
True
Is 751426955 composite?
True
Is 8512161839 composite?
True
Is 230491726079 prime?
True
Is 28403561047 a composite number?
False
Is 2308019473 a prime number?
True
Is 48232135141 a composite number?
False
Is 882431449 composite?
True
Is 13080641 composite?
True
Is 45659921 composite?
False
Is 42487228838 prime?
False
Is 4536193463 a prime number?
False
Is 2006361473 a prime number?
True
Is 1510420883 prime?
True
Is 14860943843 prime?
False
Is 137693123 prime?
True
Is 142451263973 a composite number?
True
Is 10641876919 prime?
True
Is 652872119 prime?
False
Is 17084914402 prime?
False
Is 513482537 composite?
False
Is 47822722501 prime?
True
Is 28984213 composite?
True
Is 3162266399 prime?
False
Is 6815157917 composite?
True
Is 2161268099 a prime number?
True
Is 142382693 prime?
False
Is 46075924129 composite?
False
Is 10093132613 a prime number?
False
Is 10225615109 a prime number?
False
Is 20566223203 prime?
False
Is 1616140879 composite?
False
Is 29755185937 a composite number?
False
Is 3139834459 composite?
False
Is 1014605653 a composite number?
True
Is 36554149 composite?
False
Is 939761601 a composite number?
True
Is 81628581247 composite?
False
Is 14121377843 a composite number?
True
Is 31766100367 composite?
True
Is 6698902601 composite?
False
Is 163002227719 composite?
True
Is 439633307 a prime number?
True
Is 4022494289 a composite number?
True
Is 4648186 prime?
False
Is 146356713539 composite?
False
Is 5281036139 a prime number?
True
Is 36353831587 a composite number?
True
Is 650420219 prime?
True
Is 3781113209 composite?
False
Is 416122181 prime?
False
Is 69094901485 composite?
True
Is 950965373 a composite number?
False
Is 5732199779 a composite number?
False
Is 682892443 prime?
False
Is 34031295281 composite?
False
Is 3690426059 a prime number?
False
Is 30846092707 prime?
True
Is 3021324521 a prime number?
True
Is 216763961 prime?
False
Is 3090788287 composite?
True
Is 362152997 composite?
False
Is 1628457977 a composite number?
True
Is 9240796553 a composite number?
True
Is 31619018891 composite?
True
Is 2251609661 a prime number?
False
Is 8446527433 prime?
False
Is 513740351 prime?
False
Is 75454768023 a prime number?
False
Is 19087214717 a composite number?
False
Is 65567037 prime?
False
Is 8133552649 a composite number?
True
Is 42051983 a prime number?
True
Is 304045741 prime?
True
Is 13568060593 a composite number?
False
Is 520974323 composite?
False
Is 1797304657 a composite number?
True
Is 1434610961 a prime number?
False
Is 130390573 prime?
True
Is 1125365201 a prime number?
False
Is 2281438967 a prime number?
True
Is 36704103493 prime?
True
Is 738135831 a prime number?
False
Is 26370085621 composite?
True
Is 12380679737 a prime number?
False
Is 11279055071 prime?
False
Is 39739318379 prime?
True
Is 24036275293 prime?
True
Is 76134584527 composite?
False
Is 13054703878 prime?
False
Is 10856707951 composite?
True
Is 5118716441 composite?
True
Is 111061189171 prime?
False
Is 120497359 a composite number?
True
Is 267898279 a composite number?
True
Is 58485971611 prime?
False
Is 112195199359 a composite number?
False
Is 29613329 a prime number?
True
Is 9800831137 a prime number?
True
Is 104869858341 a composite number?
True
Is 994219885 prime?
False
Is 592604728987 a composite number?
False
Is 431559299 composite?
False
Is 2129622947 a composite number?
False
Is 257204399 a prime number?
True
Is 413139169 a composite number?
False
Is 517530529 a composite number?
False
Is 6895387027 a prime number?
True
Is 445530901 prime?
True
Is 6192459989 a composite number?
False
Is 4846337279 a prime number?
False
Is 5307365239 prime?
False
Is 204674069 composite?
True
Is 532008443 a composite number?
False
Is 1042321271 a composite number?
True
Is 14976389 prime?
False
Is 38900819 prime?
False
Is 2878796329 a composite number?
False
Is 2042914169 a prime number?
False
Is 4741993463 a composite number?
False
Is 60556148711 prime?
False
Is 51736589713 a prime number?
True
Is 175366501 prime?
True
Is 1353194911 a composite number?
True
Is 1339020167 composite?
False
Is 23341859 composite?
False
Is 662273273 composite?
False
Is 3484496143 a prime number?
False
Is 978932053 a prime number?
False
Is 117348181 a composite number?
True
Is 27204081389 a prime number?
True
Is 24340203391 a prime number?
False
Is 46701817421 composite?
True
Is 7198598413 a prime number?
False
Is 87424491169 a prime number?
False
Is 2236226401 prime?
False
Is 114701317 composite?
True
Is 4688880953 a composite number?
True
Is 44826010283 a composite number?
False
Is 3016059239 a prime number?
False
Is 12924892441 composite?
False
Is 10521878371 a composite number?
True
Is 2960296741 a composite number?
True
Is 198121556719 a composite number?
False
Is 38230153781 a composite number?
False
Is 8094574903 a prime number?
True
Is 98097466193 prime?
True
Is 1361686729 prime?
False
Is 104615423863 composite?
False
Is 57647091101 prime?
True
Is 3156226039 a composite number?
False
Is 5091340819 composite?
True
Is 19652279 a prime number?
True
Is 51108347023 composite?
False
Is 26978906309 composite?
False
Is 18278532341 prime?
True
Is 17749843717 prime?
True
Is 294073459 composite?
True
Is 24420497839 prime?
True
Is 215776553 composite?
True
Is 419372953 a prime number?
True
Is 52900985 a prime number?
False
Is 312640336851 prime?
False
Is 43960311083 composite?
True
Is 2802888701 prime?
False
Is 8213812889 a prime number?
False
Is 135085281719 prime?
False
Is 6485199869 prime?
True
Is 9356294659 composite?
True
Is 6340129457 prime?
False
Is 5234118547 a composite number?
True
Is 485342989 composite?
False
Is 2472559541 composite?
False
Is 128176877 composite?
False
Is 139882682669 prime?
True
Is 11733270911 a composite number?
True
Is 55536317 composite?
True
Is 488446269 prime?
False
Is 2540302703 a composite number?
True
Is 2016399071 a composite number?
True
Is 39093409789 a composite number?
True
Is 152625252797 a composite number?
False
Is 9605993681 prime?
True
Is 196258234531 prime?
True
Is 969472199 a composite number?
True
Is 18228177131 composite?
True
Is 1355707963 composite?
True
Is 9926571623 a composite number?
True
Is 1184322947 a prime number?
True
Is 21692943026 prime?
False
Is 45686288581 a composite number?
True
Is 2531897449 a prime number?
False
Is 122363951 a 